{"id":14027,"date":"2026-04-17T06:48:16","date_gmt":"2026-04-17T06:48:16","guid":{"rendered":"https:\/\/biosensual.pl\/?post_type=product&#038;p=14027"},"modified":"2026-04-17T07:39:51","modified_gmt":"2026-04-17T07:39:51","slug":"swieca-intencyjna-z-okazji-imienin","status":"publish","type":"product","link":"https:\/\/biosensual.pl\/en\/product\/swieca-intencyjna-z-okazji-imienin\/","title":{"rendered":"\u015awieca intencyjna \u201eZ Okazji Imienin&#8221;"},"content":{"rendered":"<h2 data-start=\"108\" data-end=\"397\">\u015awieca intencyjna \u201ez okazji imienin\u201d<\/h2>\n<p data-start=\"108\" data-end=\"397\">to wyj\u0105tkowy spos\u00f3b na uczczenie tego szczeg\u00f3lnego dnia i podarowanie bliskiej osobie czego\u015b wi\u0119cej ni\u017c zwyk\u0142ego prezentu. To naturalna, r\u0119cznie tworzona \u015bwieca, kt\u00f3ra niesie ze sob\u0105 intencj\u0119 zdrowia, rado\u015bci, mi\u0142o\u015bci i spe\u0142nienia marze\u0144.<\/p>\n<p data-start=\"399\" data-end=\"654\">Idealna jako prezent na imieniny dla niej lub dla niego \u2013 dla os\u00f3b, kt\u00f3re ceni\u0105 \u015bwiadome \u017cycie, energi\u0119 intencji i pi\u0119kne, symboliczne gesty. Zapalaj\u0105c \u015bwiec\u0119, mo\u017cesz wzmocni\u0107 swoje \u017cyczenia i stworzy\u0107 chwil\u0119 refleksji, wdzi\u0119czno\u015bci oraz dobrej energii.<\/p>\n<p data-start=\"656\" data-end=\"858\">\u015awieca intencyjna na imieniny sprawdzi si\u0119 zar\u00f3wno jako osobisty rytua\u0142, jak i elegancki, oryginalny upominek. Jej ciep\u0142e \u015bwiat\u0142o podkre\u015bla wyj\u0105tkowo\u015b\u0107 chwili i tworzy atmosfer\u0119 spokoju oraz harmonii.<\/p>\n<p data-start=\"860\" data-end=\"996\">\u2714 \u015bwieca intencyjna r\u0119cznie robiona<br data-start=\"895\" data-end=\"898\" \/>\u2714 naturalna \u015bwieca na prezent<br data-start=\"927\" data-end=\"930\" \/>\u2714 idealna \u015bwieca na imieniny<br data-start=\"958\" data-end=\"961\" \/>\u2714 prezent z intencj\u0105 i znaczeniem<\/p>\n<p data-start=\"998\" data-end=\"1063\" data-is-last-node=\"\" data-is-only-node=\"\">Podaruj \u015bwiat\u0142o, kt\u00f3re niesie dobre \u017cyczenia i pozytywn\u0105 energi\u0119.<\/p>","protected":false},"excerpt":{"rendered":"<p>\u015awieca intencyjna \u201ez okazji imienin\u201d to wyj\u0105tkowy spos\u00f3b na uczczenie tego szczeg\u00f3lnego dnia i podarowanie bliskiej osobie czego\u015b wi\u0119cej ni\u017c zwyk\u0142ego prezentu. To naturalna, r\u0119cznie tworzona \u015bwieca, kt\u00f3ra niesie ze sob\u0105 intencj\u0119 zdrowia, rado\u015bci, mi\u0142o\u015bci i spe\u0142nienia marze\u0144. Idealna jako prezent na imieniny dla niej lub dla niego \u2013 dla os\u00f3b, kt\u00f3re ceni\u0105 \u015bwiadome \u017cycie, [&hellip;]<\/p>\n","protected":false},"featured_media":13827,"template":"","meta":[],"product_brand":[],"product_cat":[184,449,474],"product_tag":[380,378,201,267,220,467],"class_list":{"0":"post-14027","1":"product","2":"type-product","3":"status-publish","4":"has-post-thumbnail","6":"product_cat-swiece","7":"product_cat-swiece-wg-okazji","8":"product_cat-z-intencja","9":"product_tag-swiecadomasazu","10":"product_tag-swiecearomaterapeutyczne","11":"product_tag-aromaterapia","12":"product_tag-naturalnapielegnacja","13":"product_tag-swieca-do-masazu","14":"product_tag-swieca-z-intencja","16":"first","17":"instock","18":"shipping-taxable","19":"purchasable","20":"product-type-variable"},"_links":{"self":[{"href":"https:\/\/biosensual.pl\/en\/wp-json\/wp\/v2\/product\/14027","targetHints":{"allow":["GET"]}}],"collection":[{"href":"https:\/\/biosensual.pl\/en\/wp-json\/wp\/v2\/product"}],"about":[{"href":"https:\/\/biosensual.pl\/en\/wp-json\/wp\/v2\/types\/product"}],"version-history":[{"count":2,"href":"https:\/\/biosensual.pl\/en\/wp-json\/wp\/v2\/product\/14027\/revisions"}],"predecessor-version":[{"id":14089,"href":"https:\/\/biosensual.pl\/en\/wp-json\/wp\/v2\/product\/14027\/revisions\/14089"}],"wp:featuredmedia":[{"embeddable":true,"href":"https:\/\/biosensual.pl\/en\/wp-json\/wp\/v2\/media\/13827"}],"wp:attachment":[{"href":"https:\/\/biosensual.pl\/en\/wp-json\/wp\/v2\/media?parent=14027"}],"wp:term":[{"taxonomy":"product_brand","embeddable":true,"href":"https:\/\/biosensual.pl\/en\/wp-json\/wp\/v2\/product_brand?post=14027"},{"taxonomy":"product_cat","embeddable":true,"href":"https:\/\/biosensual.pl\/en\/wp-json\/wp\/v2\/product_cat?post=14027"},{"taxonomy":"product_tag","embeddable":true,"href":"https:\/\/biosensual.pl\/en\/wp-json\/wp\/v2\/product_tag?post=14027"}],"curies":[{"name":"wp","href":"https:\/\/api.w.org\/{rel}","templated":true}]}}

Świeca intencyjna „Z Okazji Imienin&#8221;

<h2 data-start="108" data-end="397">Świeca intencyjna „z okazji imienin”</h2>
<p data-start="108" data-end="397">to wyjątkowy sposób na uczczenie tego szczególnego dnia i podarowanie bliskiej osobie czegoś więcej niż zwykłego prezentu. To naturalna, ręcznie tworzona świeca, która niesie ze sobą intencję zdrowia, radości, miłości i spełnienia marzeń.</p>
<p data-start="399" data-end="654">Idealna jako prezent na imieniny dla niej lub dla niego – dla osób, które cenią świadome życie, energię intencji i piękne, symboliczne gesty. Zapalając świecę, możesz wzmocnić swoje życzenia i stworzyć chwilę refleksji, wdzięczności oraz dobrej energii.</p>
<p data-start="656" data-end="858">Świeca intencyjna na imieniny sprawdzi się zarówno jako osobisty rytuał, jak i elegancki, oryginalny upominek. Jej ciepłe światło podkreśla wyjątkowość chwili i tworzy atmosferę spokoju oraz harmonii.</p>
<p data-start="860" data-end="996">✔ świeca intencyjna ręcznie robiona<br data-start="895" data-end="898" />✔ naturalna świeca na prezent<br data-start="927" data-end="930" />✔ idealna świeca na imieniny<br data-start="958" data-end="961" />✔ prezent z intencją i znaczeniem</p>
<p data-start="998" data-end="1063" data-is-last-node="" data-is-only-node="">Podaruj światło, które niesie dobre życzenia i pozytywną energię.</p>

<p>Świeca intencyjna „z okazji imienin” to wyjątkowy sposób na uczczenie tego szczególnego dnia i podarowanie bliskiej osobie czegoś więcej niż zwykłego prezentu. To naturalna, ręcznie tworzona świeca, która niesie ze sobą intencję zdrowia, radości, miłości i spełnienia marzeń. Idealna jako prezent na imieniny dla niej lub dla niego – dla osób, które cenią świadome życie, [&hellip;]</p>
